ainder when 199 is divided by 17.
12
What is the remainder when 193 is divided by 14?
11
What is the remainder when 325 is divided by 8?
5
Calculate the remainder when 51 is divided by 15.
6
Calculate the remainder when 141 is divided by 29.
25
Calculate the remainder when 44 is divided by 15.
14
Calculate the remainder when 474 is divided by 96.
90
Calculate the remainder when 807 is divided by 33.
15
Calculate the remainder when 469 is divided by 79.
74
What is the remainder when 451 is divided by 82?
41
Calculate the remainder when 224 is divided by 48.
32
What is the remainder when 1780 is divided by 27?
25
What is the remainder when 3205 is divided by 15?
10
What is the remainder when 398 is divided by 9?
2
Calculate the remainder when 8356 is divided by 209.
205
What is the remainder when 116 is divided by 15?
11
What is the remainder when 775 is divided by 360?
55
What is the remainder when 218 is divided by 25?
18
Calculate the remainder when 202 is divided by 57.
31
Calculate the remainder when 448 is divided by 154.
140
Calculate the remainder when 538 is divided by 49.
48
What is the remainder when 186 is divided by 12?
6
What is the remainder when 816 is divided by 229?
129
What is the remainder when 988 is divided by 76?
0
What is the remainder when 501 is divided by 12?
9
Calculate the remainder when 165 is divided by 17.
12
What is the remainder when 929 is divided by 350?
229
Calculate the remainder when 2372 is divided by 125.
122
Calculate the remainder when 114 is divided by 6.
0
Calculate the remainder when 115 is divided by 109.
6
Calculate the remainder when 3017 is divided by 10.
7
Calculate the remainder when 1205 is divided by 295.
25
Calculate the remainder when 123 is divided by 36.
15
Calculate the remainder when 159 is divided by 27.
24
What is the remainder when 105 is divided by 14?
7
What is the remainder when 317 is divided by 14?
9
What is the remainder when 752 is divided by 26?
24
What is the remainder when 678 is divided by 302?
74
Calculate the remainder when 229 is divided by 69.
22
What is the remainder when 465 is divided by 94?
89
What is the remainder when 42 is divided by 8?
2
Calculate the remainder when 521 is divided by 87.
86
Calculate the remainder when 66 is divided by 19.
9
What is the remainder when 482 is divided by 174?
134
Calculate the remainder when 210 is divided by 67.
9
What is the remainder when 132 is divided by 36?
24
Calculate the remainder when 1778 is divided by 162.
158
What is the remainder when 119 is divided by 20?
19
What is the remainder when 95 is divided by 32?
31
What is the remainder when 217 is divided by 55?
52
What is the remainder when 153 is divided by 76?
1
Calculate the remainder when 230 is divided by 34.
26
Calculate the remainder when 184 is divided by 11.
8
Calculate the remainder when 2365 is divided by 74.
71
Calculate the remainder when 1317 is divided by 83.
72
Calculate the remainder when 796 is divided by 89.
84
Calculate the remainder when 323 is divided by 27.
26
What is the remainder when 135 is divided by 13?
5
What is the remainder when 1766 is divided by 22?
6
Calculate the remainder when 8290 is divided by 592.
2
What is the remainder when 323 is divided by 13?
11
What is the remainder when 8 is divided by 3?
2
What is the remainder when 1556 is divided by 13?
9
Calculate the remainder when 232 is divided by 61.
49
Calculate the remainder when 252 is divided by 204.
48
Calculate the remainder when 4451 is divided by 262.
259
What is the remainder when 74 is divided by 51?
23
Calculate the remainder when 11 is divided by 6.
5
Calculate the remainder when 124 is divided by 27.
16
What is the remainder when 10359 is divided by 74?
73
What is the remainder when 2778 is divided by 1379?
20
Calculate the remainder when 68 is divided by 58.
10
What is the remainder when 149 is divided by 9?
5
What is the remainder when 227 is divided by 77?
73
Calculate the remainder when 215 is divided by 55.
50
What is the remainder when 380 is divided by 182?
16
What is the remainder when 378 is divided by 19?
17
Calculate the remainder when 140 is divided by 36.
32
What is the remainder when 5983 is divided by 82?
79
What is the remainder when 329 is divided by 157?
15
What is the remainder when 458 is divided by 328?
130
What is the remainder when 14802 is divided by 21?
18
Calculate the remainder when 175 is divided by 17.
5
Calculate the remainder when 407 is divided by 82.
79
Calculate the remainder when 77 is divided by 10.
7
Calculate the remainder when 1916 is divided by 7.
5
What is the remainder when 431 is divided by 33?
2
What is the remainder when 8507 is divided by 131?
123
What is the remainder when 26 is divided by 9?
8
Calculate the remainder when 205 is divided by 197.
8
Calculate the remainder when 271 is divided by 52.
11
Calculate the remainder when 58 is divided by 30.
28
What is the remainder when 831 is divided by 104?
103
What is the remainder when 1630 is divided by 21?
13
What is the remainder when 154 is divided by 47?
13
Calculate the remainder when 905 is divided by 19.
12
What is the remainder when 1194 is divided by 143?
50
Calculate the remainder when 250 is divided by 17.
12
What is the remainder when 93 is divided by 8?
5
What is the remainder when 718 is divided by 115?
28
Calculate the remainder when 23 is divided by 4.
3
What is the remainder when 303 is divided by 48?
15
Calculate the remainder when 2054 is divided by 5.
4
Calculate the remainder when 25 is divided by 18.
7
Calculate the remainder when 63 is divided by 30.
3
What is the remainder when 231 is divided by 8?
7
Calculate the remainder when 82 is divided by 28.
26
Calculate the remainder when 48 is divided by 26.
22
What is the remainder when 372 is divided by 82?
44
Calculate the remainder when 88 is divided by 38.
12
Calculate the remainder when 6180 is divided by 1231.
25
What is the remainder when 150 is divided by 26?
20
What is the remainder when 140 is divided by 43?
11
Calculate the remainder when 3125 is divided by 1021.
62
Calculate the remainder when 139 is divided by 39.
22
Calculate the remainder when 863 is divided by 58.
51
Calculate the remainder when 186 is divided by 96.
90
Calculate the remainder when 36 is divided by 19.
17
What is the remainder when 426 is divided by 116?
78
What is the remainder when 1607 is divided by 15?
2
Calculate the remainder when 13799 is divided by 30.
29
Calculate the remainder when 23 is divided by 16.
7
Calculate the remainder when 1493 is divided by 13.
11
What is the remainder when 205 is divided by 43?
33
Calculate the remainder when 263 is divided by 49.
18
What is the remainder when 3374 is divided by 211?
209
What is the remainder when 540 is divided by 12?
0
Calculate the remainder when 942 is divided by 135.
132
What is the remainder when 17146 is divided by 256?
250
What is the remainder when 238 is divided by 40?
38
Calculate the remainder when 292 is divided by 42.
40
Calculate the remainder when 4806 is divided by 74.
70
Calculate the remainder when 91 is divided by 33.
25
Calculate the remainder when 478 is divided by 15.
13
What is the remainder when 15 is divided by 12?
3
Calculate the remainder when 266 is divided by 12.
2
Calculate the remainder when 3858 is divided by 482.
2
Calculate the remainder when 392 is divided by 20.
12
What is the remainder when 1362 is divided by 22?
20
What is the remainder when 24377 is divided by 53?
50
What is the remainder when 26 is divided by 2?
0
Calculate the remainder when 899 is divided by 50.
49
What is the remainder when 2190 is divided by 435?
15
Calculate the remainder when 11 is divided by 4.
3
What is the remainder when 18683 is divided by 18?
17
Calculate the remainder when 3 is divided by 2.
1
What is the remainder when 5848 is divided by 76?
72
Calculate the remainder when 631 is divided by 142.
63
What is the remainder when 7006 is divided by 11?
10
What is the remainder when 15354 is divided by 16?
10
Calculate the remainder when 123 is divided by 26.
19
Calculate the remainder when 376 is divided by 63.
61
Calculate the remainder when 2248 is divided by 45.
43
What is the remainder when 403 is divided by 27?
25
Calculate the remainder when 160 i